{"id":1053,"date":"2018-02-15T09:46:19","date_gmt":"2018-02-15T09:46:19","guid":{"rendered":"http:\/\/localhost\/parquets\/?page_id=1053"},"modified":"2018-02-15T09:56:52","modified_gmt":"2018-02-15T09:56:52","slug":"sostenibilidad-y-medio-ambiente","status":"publish","type":"page","link":"https:\/\/www.parquetsroman.es\/index.php\/sostenibilidad-y-medio-ambiente\/","title":{"rendered":"Sostenibilidad y Medio Ambiente"},"content":{"rendered":"<p align=\"justify\">Tenemos certificados FSC, esto nos garantiza<\/p>\n<p align=\"justify\"><strong>\u2022 Gesti\u00f3n forestal ambientalmente apropiada<\/strong> garantiza que la forma en que se realice el aprovechamiento de la madera y productos no maderables contribuya a mantener la biodiversidad, la productividad y los procesos ecol\u00f3gicos del bosque.<\/p>\n<p align=\"justify\"><strong>\u2022 Gesti\u00f3n forestal socialmente beneficiosa<\/strong> contribuye a que se gestionen los recursos locales y se involucren en los planes de gesti\u00f3n a largo plazo.<\/p>\n<p align=\"justify\"><strong>\u2022 Gesti\u00f3n forestal econ\u00f3micamente viable<\/strong> implica que los planes de gesti\u00f3n forestal sean lo suficientemente rentables, sin que generen ganancias econ\u00f3micas a expensas del recurso forestal, del ecosistema o de la poblaci\u00f3n u otras partes afectadas. La confrontaci\u00f3n entre la necesidad de generar una rentabilidad financiera adecuada y los principios de gesti\u00f3n forestal responsables puede reducirse mediante la realizaci\u00f3n de esfuerzos por comercializar toda la gama de productos y servicios forestales<\/p>\n<p align=\"justify\">\n","protected":false},"excerpt":{"rendered":"<p>Tenemos certificados FSC, esto nos garantiza \u2022 Gesti\u00f3n forestal ambientalmente apropiada garantiza que la forma en que se realice el aprovechamiento de la madera y productos no maderables contribuya a mantener la biodiversidad, la productividad y los procesos ecol\u00f3gicos del bosque. \u2022 Gesti\u00f3n forestal socialmente beneficiosa contribuye a que se gestionen los recursos locales y &hellip; <a href=\"https:\/\/www.parquetsroman.es\/index.php\/sostenibilidad-y-medio-ambiente\/\" title=\"Sostenibilidad y Medio Ambiente\" class=\"read-more\">Read More<\/a><\/p>\n","protected":false},"author":1,"featured_media":0,"parent":0,"menu_order":0,"comment_status":"closed","ping_status":"closed","template":"","meta":{"footnotes":""},"class_list":["post-1053","page","type-page","status-publish","hentry"],"_links":{"self":[{"href":"https:\/\/www.parquetsroman.es\/index.php\/wp-json\/wp\/v2\/pages\/1053","targetHints":{"allow":["GET"]}}],"collection":[{"href":"https:\/\/www.parquetsroman.es\/index.php\/wp-json\/wp\/v2\/pages"}],"about":[{"href":"https:\/\/www.parquetsroman.es\/index.php\/wp-json\/wp\/v2\/types\/page"}],"author":[{"embeddable":true,"href":"https:\/\/www.parquetsroman.es\/index.php\/wp-json\/wp\/v2\/users\/1"}],"replies":[{"embeddable":true,"href":"https:\/\/www.parquetsroman.es\/index.php\/wp-json\/wp\/v2\/comments?post=1053"}],"version-history":[{"count":5,"href":"https:\/\/www.parquetsroman.es\/index.php\/wp-json\/wp\/v2\/pages\/1053\/revisions"}],"predecessor-version":[{"id":1060,"href":"https:\/\/www.parquetsroman.es\/index.php\/wp-json\/wp\/v2\/pages\/1053\/revisions\/1060"}],"wp:attachment":[{"href":"https:\/\/www.parquetsroman.es\/index.php\/wp-json\/wp\/v2\/media?parent=1053"}],"curies":[{"name":"wp","href":"https:\/\/api.w.org\/{rel}","templated":true}]}}

<p align="justify">Tenemos certificados FSC, esto nos garantiza</p>
<p align="justify"><strong>• Gestión forestal ambientalmente apropiada</strong> garantiza que la forma en que se realice el aprovechamiento de la madera y productos no maderables contribuya a mantener la biodiversidad, la productividad y los procesos ecológicos del bosque.</p>
<p align="justify"><strong>• Gestión forestal socialmente beneficiosa</strong> contribuye a que se gestionen los recursos locales y se involucren en los planes de gestión a largo plazo.</p>
<p align="justify"><strong>• Gestión forestal económicamente viable</strong> implica que los planes de gestión forestal sean lo suficientemente rentables, sin que generen ganancias económicas a expensas del recurso forestal, del ecosistema o de la población u otras partes afectadas. La confrontación entre la necesidad de generar una rentabilidad financiera adecuada y los principios de gestión forestal responsables puede reducirse mediante la realización de esfuerzos por comercializar toda la gama de productos y servicios forestales</p>
<p align="justify">

<p>Tenemos certificados FSC, esto nos garantiza • Gestión forestal ambientalmente apropiada garantiza que la forma en que se realice el aprovechamiento de la madera y productos no maderables contribuya a mantener la biodiversidad, la productividad y los procesos ecológicos del bosque. • Gestión forestal socialmente beneficiosa contribuye a que se gestionen los recursos locales y &hellip; <a href="https://www.parquetsroman.es/index.php/sostenibilidad-y-medio-ambiente/" title="Sostenibilidad y Medio Ambiente" class="read-more">Read More</a></p>
